e 4*b = -w + 26, -13*w + 9*w + 24 = -4*b. Give v(w).
-4
Let l(b) = -109388 + 2*b - b + 109388 + 0*b + 22*b**3. Give l(-1).
-23
Suppose -17 - 79 = 17*d + 23. Let f(v) = -v**3 - 8*v**2 - 5*v + 6. What is f(d)?
-8
Let y(l) = -l + 1. Let a(p) = -2*p**3 + 14*p**2 - 23*p - 11. Let t(u) = u**3 - 7*u**2 + 11*u + 5. Let m(i) = -4*a(i) - 9*t(i). Let x be m(6). Give y(x).
8
Suppose -3*a + 18 = 6*a. Let c(g) = -3. Let f(q) = 7. Let i(o) = a*f(o) + 5*c(o). Let u(m) = 4*m + 8. Let h(s) = -8*i(s) - u(s). Determine h(1).
-4
Let i(w) be the second derivative of -w**3/6 + w. Suppose 0 = 8*q - 1498 - 2990. Let j = 569 - q. What is i(j)?
-8
Let u = -7 - -13. Suppose -r = 2*r - u. Let x(j) = -95*j**3 - 1 - 138*j**3 + 401*j**3 - j - 167*j**3 - 1. What is x(r)?
4
Let q(c) = 4*c - 124. Let t = -45369 + 45402. Determine q(t).
8
Let n(x) = -12*x + 17. Let s(d) = -d**3 - 6*d**2 + 17*d + 34. Let u be s(3). What is n(u)?
-31
Let j = -426 + 470. Suppose -14*q - 96 - j = 0. Let f(t) = -2*t - 11. Calculate f(q).
9
Let z(r) = 14*r + 14 - 37*r + 6*r + 4*r + 12*r. Calculate z(3).
11
Suppose -2*b - 15*b - 18*b - 840 = 0. Let j(f) = -2*f**2 - 49*f - 23. Give j(b).
1
Suppose -75 = -h - 14*h. Let p(m) = 6638*m + 2 + h - 6635*m. Let x(b) = -2*b**3 + 3*b**2 - b + 1. Let w be x(2). Determine p(w).
-8
Let c(k) be the first derivative of k**3/3 - k**2 - 2*k - 2. Let x = 7 + -11. Let b be 182/56 + 1/x. What is c(b)?
1
Let z(k) = -7*k - 6. Suppose p = -3*x + 22, 0 = 2*x + 100*p - 103*p. Calculate z(x).
-48
Let p(d) = d - 1. Let m(z) = -2*z - 2. Let b be m(-2). Let j be ((-12)/22)/((-155)/6820). Suppose -5*g + b*r + j = r, -3*g + 16 = r. Give p(g).
4
Suppose -5*s + 3*n + 18 = 0, -5*n = -2*s - 3*s + 20. Let v(l) = 8*l**2 - 7 + 16 + 285*l**s - 284*l**3. Suppose r = h - 4, -2*r - 4*h - 48 = 2*r. Give v(r).
9
Let z be 6/(-4) + (-305)/10. Let k(i) = i**3 + 31*i**2 - 34*i - 67. Let l be k(z). Let n(p) = p**2 + 4*p + 3. Give n(l).
0
Let o(n) = 6*n**2 - 16*n + 8. Let f be o(5). Suppose 64*i = f*i. Let x(w) = w**3 + 2*w**2 - w - 10. What is x(i)?
-10
Let h be (-45)/7 + (-8)/14 - -10. Let l(i) = -4*i**2 + 13*i - 1. Give l(h).
2
Let r = -71 + 40. Let k = 36 + r. Suppose 21 = k*c + 16. Let o(h) = 12*h - 1. Calculate o(c).
11
Suppose -5*l = 8*l - 182. Let t(c) = -4 + 0*c + 2*c - 14 + 6 - l. What is t(13)?
0
Let a(l) = 2*l**2 + 2*l. Let p(m) = 16*m**2 + 87*m - 22. Let y(z) = -6*a(z) + p(z). Give y(-19).
-3
Let i = -20775 + 20773. Let l(v) = 16*v + 13. Calculate l(i).
-19
Suppose 198*u + 3 = 199*u. Let k(f) be the third derivative of -1/60*f**5 - 1/3*f**3 + 0*f + u*f**2 + 0 - 5/24*f**4. What is k(-6)?
-8
Suppose 3*h + 6 = 4*y, h = -y - 4*y - 2. Suppose g + 2*g - 3 = y. Let v(q) be the third derivative of -q**6/40 - q**4/12 + q**3/6 - 40*q**2 + q. Give v(g).
-4
Let s(h) = -h**3 + 2*h**2 + 2*h - 1. Suppose -10*v + 14*v + 13 = 7*g, 3*g = v + 2. Calculate s(g).
0
Let d(o) = -13*o**2 - 177*o + 912. Let z be d(4). Let p(h) = h**3 - 2*h**2 + 7*h**2 - h + 4*h. Determine p(z).
4
Let p(m) = 4 + 3*m**3 - 2 - m + 4*m + 5*m**2 - 3*m**2. Let l be 8/(-5) - (33/(-66))/(10/(-8)). Calculate p(l).
-20
Let s(j) = 3*j - 4. Let t(v) = v**3 + 5*v**2 - 11*v. Let l be t(-6). Suppose -70*f + 64*f = -l. Calculate s(f).
11
Let d(x) be the third derivative of x**4/24 - 7*x**3/6 - 230*x**2 + x - 1. Let l(u) = -6*u**2 + u - 1. Let b be l(1). Give d(b).
-13
Let j(t) = 2 - 895720*t + 4 - t**2 + 895725*t + t**3 + 9*t**2. Determine j(-7).
20
Let v(h) be the first derivative of -8*h - 1/2*h**2 - 1/4*h**4 - 221 + 13/3*h**3. Give v(13).
-21
Suppose 2*h = -10 + 4. Let j(s) = -10*s**2 + 301*s + 2. Let k(w) = 2*w**2 - 54*w. Let r(l) = -2*j(l) - 11*k(l). What is r(h)?
2
Let q(v) = 2*v**3 + 20*v**2 - 20*v - 14. Let k be q(-8). Let t(i) = -801*i + k*i + 2 + 398*i. Determine t(-1).
3
Let x(s) = -29*s + 1. Let d(o) = 7*o. Let m(q) = -9*d(q) - 2*x(q). Let r = -50 - -55. Suppose -34*v + r*v = 58. Give m(v).
8
Let x(y) = y**2 - 1. Let s = -3125 - -3118. What is x(s)?
48
Let i(v) = -23*v**3 + 7*v**2 - 5*v - 5. Suppose -4*o + 6 + 8 = 5*x, -2*o = -2*x - 16. Let a(q) = -q**2 + q + 1. Let d(l) = o*a(l) + i(l). What is d(-1)?
24
Let u(a) = -a**3 + 1898*a + 127 - 260 - 2020*a - 62*a**2. Give u(-60).
-13
Let j(p) = 4*p**3 + p**2 + p**2 - 3*p**3 - 1 - 2*p. Suppose -4*q - 2 = -14. Suppose -5*n - 31 = -4*a, 8*n = 10*n - q*a + 18. Determine j(n).
-4
Let g(b) = -b**2 + 10*b - 2. Let w be (4 + -22)*2 + 4. Let t = -20 - w. Suppose -i + t = k + 2, -k = 5*i - 30. What is g(i)?
23
Let h(t) be the third derivative of t**5/60 + 5*t**4/24 - t**3/2 + 4*t**2. Let b = -231 + 264. Suppose b = -7*v + 5. What is h(v)?
-7
Suppose -18*v = -22*v + 524. Let z = -125 + v. Let t(o) = -o**2 + 3*o - 2. Determine t(z).
-20
Suppose -4*o + 2*n + 20 = -0*o, 5*n + 14 = -2*o. Suppose 0 = -3*z + 5*g - 16, o*z - 2*g + 64 = -3*z. Let x(m) = -m**2 - 12*m - 6. Calculate x(z).
-6
Let o(b) = -b**3 - b**2 + b + 6. Let f(s) = s**2 - 10*s - 12. Let x be f(10). Let r = 86 - x. Let u = r - 98. Give o(u).
6
Let l be (6/(-2))/((-117)/78). Let g(k) be the first derivative of -k - k**l + 10/3*k**3 + 11. What is g(-1)?
11
Let y(x) = -x + 17. Let p(v) = -7*v**2 + 14*v + 31. Let u be p(-3). Let b = -74 - u. What is y(b)?
17
Suppose 7*i + 291 + 234 = 0. Let g = i - -100. Suppose 0 = -5*n - g + 15. Let s(k) = 2*k - 1. Determine s(n).
-5
Suppose -2*d = 2*u + 24, 3*d + 26 = 52*u - 53*u. Let f(l) be the third derivative of l**5/60 + l**4/4 + l**3/2 - l**2. Calculate f(u).
-2
Let u(r) = -r**3 + 8*r**2 - r + 5. Let w(s) be the second derivative of s**4/12 - 11*s**3/6 + 18*s**2 - 96*s. Let t be w(7). Calculate u(t).
-3
Let b(k) = k**3 - 20*k**2 - 9*k + 20. Let c be b(21). Let g = c + -265. Let u(t) = 5*t - 1. Let d(f) = 14*f - 4. Let j(w) = -3*d(w) + 8*u(w). What is j(g)?
-10
Suppose -f = i + 8, 3*f + 13 = -4*i - 11. Let d(h) = -h**3 - 7*h**2 + 10*h - 9. Calculate d(f).
-25
Let t(f) = -22 + 9*f - 21*f**2 + 13*f**2 + 7*f + 4*f**2 + 7*f**2. Give t(-9).
77
Let w(s) be the third derivative of s**4/3 + 71*s**3/6 + 2*s**2 - 169. Give w(-9).
-1
Let n = -154 - -160. Suppose -5*s + 1 = 4*t - 2, n = s - t. Let f(y) = 3*y**2 - y + 2. Determine f(s).
26
Let t(a) = -a**3 - a + 21. Let c(u) = -1. Let f(z) = -2*z**2 - 13*z + 48. Let b(m) = -3*c(m) - f(m). Let h be b(-9). What is t(h)?
21
Let v(l) be the third derivative of -l**6/120 - l**5/10 + l**4/12 + 4*l**3/3 + 339*l**2 - 2. Determine v(-6).
-4
Let t(u) = -2*u**2 + 23*u - 24. Let o(l) = -2*l**2 + 23*l - 25. Let z(f) = 5*o(f) - 6*t(f). Let p be z(11). Let w(j) = -j**3 + 8*j**2 + 3*j. Determine w(p).
24
Suppose p - 4 = 2*c - p, 4*p = 3*c + 11. Let z be ((-12)/(-14))/(-2 + 80/35). Let w(q) = 8*q**2 - z*q + 5*q - 4*q - 10*q**2 + q**3. What is w(c)?
3
Let x(y) = -8*y + 78. Suppose 2 = -4*w - 11*w + 137. Calculate x(w).
6
Let o(z) be the third derivative of -z**4/8 + 16*z**3/3 + z**2 - 39*z + 10. Give o(5).
17
Let g(i) = -14*i**2 + 2*i - 23. Let j(o) = 23*o**2 - 3*o + 47. Let m(p) = 5*g(p) + 3*j(p). Let w(c) be the first derivative of m(c). Calculate w(4).
-7
Let x(a) = 6*a - 57. Let g = 1248 + -1235. Determine x(g).
21
Let p(s) be the first derivative of -s**6/360 - s**5/24 + 5*s**4/24 - 4*s**3/3 - 5. Let b(c) be the third derivative of p(c). Let r = 478 - 483. Determine b(r).
5
Suppose -18*g + 9 = -9. Let n(s) = 2*s. Let u(f) = -18*f - 1. Let o(t) = g*u(t) + 6*n(t). Let y be (4/10)/(12/(-60)). Determine o(y).
11
Let z(n) be the first derivative of -21*n**4/4 + 2*n**3/3 - n**2 + n + 10013. Suppose 0 = 3*j + 8 + 4, -4*j - 19 = -3*t. Suppose -t = -3*k + 2. Determine z(k).
-20
Suppose -69 = -5*r - 3*b, -5*r + 30 = -2*r - 2*b. Suppose 2*i - 5*g = -25, 8*i = r*i - 2*g + 42. Let t(a) = a**2 + 11*a + 3. Calculate t(i).
-7
Let i(k) = -k**3 + 31*k**2 - k + 40. Let t be i(31). Suppose -4*l = -t*l + 25. Let n(h) = h + 1. Give n(l).
6
Let s be (2451/86 - 28)/((-1)/4). Suppose 0*n + 9 = n. Let y(j) = -8*j. Let a(d) = -15*d. Let q(u) = n*y(u) - 5*a(u). Determine q(s).
-6
Let t(s) be the third derivative of -s**6/120 - s**5/6 - s**4/3 - 19*s**3/6 + 2519*s**2. Give t(-9).
-28
Let q(m) = -10*m**3 + 17*m**3 - 6 - 6*m**3 + 6*m**2 - 4 - 18*m. Let c(f) = -2*f**2 - 16*f - 8. Let t be c(-8). Calculate q(t).
6
Let i(a) be the second derivative of -a**5/10 - a**4/6 - 5*a**3/6 - a**2 - 996*a - 2. Calculat